t is the highest common divisor of i and 66?
22
Let f(q) = 14*q**2 + 117*q - 56. Let m be f(-15). Calculate the greatest common factor of 206 and m.
103
Suppose o + 0*o + 3*o = 0. Suppose o = l + 5*j - 18, -4*l = j - 6*j - 147. What is the highest common factor of l and 66?
33
Let h be (-8)/3*6*4/(-32). Let u be -2 + 4 + h + 7. Suppose 53 = -5*q + 548. What is the greatest common factor of q and u?
11
Suppose -49 = -2*c + 3*h + 2*h, -h = 2*c - 43. Suppose 3*m - 5*m = 5*q - c, m = -4. Suppose 399 = 5*w + 129. Calculate the greatest common divisor of w and q.
6
Let y be 45 + 0 + (8 - 10) + 1. What is the greatest common divisor of y and 143?
11
Suppose 8*m - 11*m = -9. Suppose m*f - 386 = 2*l, -2*f + 197 = l - 72. Let h be (f/(-9))/(2/(-3)). What is the highest common divisor of 176 and h?
22
Suppose -2*x - 166 = -5*h, 4*x - 2*h + 249 = x. Let t = x - -143. Calculate the greatest common divisor of t and 15.
15
Let s(g) = 36*g**2 + 2*g + 1. Let d be s(4). Suppose 2*t - d = -0*t + r, 279 = t + 4*r. Let u = t - 174. What is the greatest common factor of u and 13?
13
Let u(s) = -s. Let m be u(-9). Let k(o) = o**2 + 5*o + 12. Let v be k(-8). What is the greatest common divisor of m and v?
9
Let n(j) = 2*j - 4*j - 2 + 3*j. Let f = 56 - 53. Let x be n(f). What is the greatest common factor of x and 1?
1
Let n(b) = 3*b + 45. Let z be n(-15). Suppose 0 = 4*x + 4, 3*h - x = -z + 79. What is the greatest common factor of 26 and h?
26
Suppose -2*i + 1118 = -d, -834 = -4*i - 3*d + 1422. Calculate the highest common factor of 11 and i.
11
Suppose -7*k + 6 = -50. Calculate the highest common divisor of k and 19.
1
Let n = 155 + -120. Suppose -5*d - 5 = -40. Suppose 0 = -2*s + 7 + d. Calculate the highest common divisor of n and s.
7
Let l = -49 + 106. Suppose l = 2*o + o. Let x(i) = 18*i**2 - 4*i - 4. Let s be x(-2). Calculate the highest common divisor of s and o.
19
Let i(s) = -s**3 - 12*s**2 - 14*s - 17. Let g be i(-11). Let v = 120 + -108. Calculate the greatest common divisor of g and v.
4
Suppose 2*v - 8 + 2 = -4*r, 5*r - 24 = 3*v. Let t be ((-2)/v)/(2/33). What is the highest common factor of t and 88?
11
Let i = -36 - -140. Let a = -36 - -49. What is the greatest common divisor of i and a?
13
Let f be ((-11)/2)/((-4)/8). Suppose 6*q = f*q - 10. Let w be 194/4 - 1/q. What is the greatest common divisor of w and 6?
6
Let u = -71 + 71. Suppose -9*h - h + 1760 = u. Calculate the highest common factor of h and 22.
22
Let y(a) = a**2 - 41*a - 102. Let j be y(47). Let q(c) = -c + 24 + 0*c**3 + c**3 - 4. Let g be q(0). Calculate the greatest common divisor of j and g.
20
Suppose -91*b - 5071 = -102*b. What is the highest common factor of b and 1?
1
Suppose 2*z + 4*d - 16 = -0*z, -z - 4*d + 16 = 0. Suppose -5*y + 0*y + 50 = z. Suppose 6*j - y*j + 12 = 0. Calculate the greatest common factor of 27 and j.
3
Let g be (-2 + 6/3)*-1. Suppose g = -j + 2*u + u + 17, 0 = -u + 4. Calculate the greatest common divisor of j and 261.
29
Let k = -10 + 2. Let q be k/(-14)*(4 + 3). Suppose q*m = -4*w + 144, 5*w + 8 = 3*w. Calculate the greatest common factor of 5 and m.
5
Suppose -3*t + 55 = 4*k, 0 = t - 5*t - 5*k + 73. Suppose t*u + 400 = 21*u. What is the greatest common factor of u and 20?
20
Let t be (0/(-2))/((-1)/(-1)). Suppose 0 = -3*h - t*f + f + 190, -2 = -f. Suppose -439 + h = -5*k. Calculate the greatest common divisor of k and 25.
25
Let b(j) = -j + 4. Let w be b(2). Suppose -3*m + 2*z + 89 = 3*z, -5*m + 149 = w*z. Calculate the greatest common divisor of 261 and m.
29
Let y be ((-32)/(-12) - 2)*-54. Let r be (-17)/6 - (-6)/y. Let p be 1 - (r + 6 + -7). Calculate the highest common factor of p and 10.
5
Suppose 4*f - 20 = -4*s - s, -2*s + 3*f + 8 = 0. Calculate the highest common factor of 108 and s.
4
Let y(z) = z**3 + 4*z**2 + 5*z + 3. Let o be y(-3). Let r be (9/o)/(3/(-18)). Let x = 13 - 4. What is the greatest common divisor of x and r?
9
Let o = 70 + 711. What is the greatest common factor of 142 and o?
71
Let z = -358 + 681. What is the greatest common divisor of 19 and z?
19
Let h(l) = 15*l**3 + 7*l - 7. Let a(n) = -29*n**3 - 13*n + 13. Let v(c) = -6*a(c) - 11*h(c). Let x be v(1). Calculate the greatest common divisor of x and 36.
9
Let q = 115 + -110. Suppose 52 + 28 = 5*m. Let b be (-2 - (-4 - -3)) + m. Calculate the greatest common factor of b and q.
5
Suppose 5*j - 91 = -2*p - p, -4*p + 98 = 2*j. Calculate the highest common factor of p and 11.
11
Let i(s) = -11*s + 29. Let q be i(2). What is the greatest common factor of 4 and q?
1
Let t(r) = r**2 + 6*r - 2. Let v be t(-7). Suppose 10*o - 60 = v*o. Let w be (-4)/(-8)*o + 0. What is the greatest common divisor of w and 30?
6
Suppose 645 - 95 = 11*y. What is the greatest common factor of 25 and y?
25
Let y be 1582/49 + (-4)/14. Suppose -33*m = -y*m - 42. Calculate the greatest common factor of 63 and m.
21
Let d be ((-15)/(-2))/(9/12). Suppose -2*n = 2*j + 153 - 497, -j + 4*n + 152 = 0. Let y = j - 58. Calculate the highest common factor of y and d.
10
Suppose -4*g = 3 + 5. Let s be g + 2*633/6. What is the greatest common factor of s and 19?
19
Let m(d) = 18*d**2 + 46*d - 8. Let s be m(-3). What is the greatest common factor of 104 and s?
8
Let c be (-6)/9*1/(4/(-114)). Suppose -l - 378 = -4*s, 2*s = 4*s + 2*l - 194. What is the highest common divisor of s and c?
19
Suppose -21*w + 22*w = 1176. Calculate the highest common factor of 24 and w.
24
Let u be -4 + 6 - (-32 + 2). Suppose -5*z = -3*x - 0*z + 20, 3*x - 11 = -4*z. Suppose x*g - u = g. Calculate the highest common divisor of 32 and g.
8
Let o(c) = -89*c + 2. Let v be o(-1). Suppose -t - 3*i + 6 = -10, 3*t - 5*i - 34 = 0. What is the highest common divisor of v and t?
13
Let w(l) = 6*l + 28. Let b be w(4). Let j be (-2)/7 + (-16)/(-7). Suppose -4*z + 28 = -j*z + t, t = 5*z - 63. What is the highest common factor of b and z?
13
Let i be 1/(2/4*1). Suppose 4 + 2 = i*g. Suppose -g*k = -6 - 6. Calculate the greatest common factor of 12 and k.
4
Let w be (-10 - -8)*(-1)/(-2). Let h = w + 2. Let d be -1 + -2*(-1 - 0). Calculate the greatest common divisor of d and h.
1
Let r(m) = m**2 - m - 3. Let x be r(6). Let s be ((-2)/20*6)/((-9)/405). Calculate the greatest common divisor of s and x.
27
Let k(b) be the third derivative of b**6/120 + b**5/10 + b**4/8 - 4*b**3/3 - 16*b**2. Let p be k(-4). Calculate the greatest common divisor of p and 24.
12
Suppose -5*l = -20*l + 2835. What is the highest common divisor of l and 7?
7
Suppose -23*i + 140 = -16*i. Let y(u) = u - 2. Let w be y(7). Calculate the greatest common divisor of i and w.
5
Let q = 368 + -212. What is the highest common divisor of 16 and q?
4
Let b(m) = 4*m + 108. Let h be b(-16). Calculate the greatest common divisor of 32 and h.
4
Let w = -1 + -7. Let k(g) = -g**3 - 9*g**2 - 4*g - 3. Let m be k(w). Let s = -14 - m. Calculate the greatest common divisor of s and 42.
21
Suppose -751*u + 745*u = -90. Calculate the highest common divisor of 27 and u.
3
Let a be (-2)/1 - -86 - 7. Suppose -4*u + 49 = -5*b, 3*u + b - 4*b - 36 = 0. Calculate the highest common divisor of u and a.
11
Let j = -2 + 26. Suppose 7*l = 26*l - 1140. What is the highest common factor of l and j?
12
Suppose 10*n = 2923 + 127. Calculate the highest common divisor of n and 244.
61
Suppose 9*a = 31 + 41. Let k be -2 + (a/2 + 0 - -8). What is the greatest common factor of k and 4?
2
Let b(w) = -w**2 - 8*w - 18. Let f be b(-6). Let c be (34/f)/(1/(-33)). What is the highest common factor of 11 and c?
11
Let r(p) = 2*p**3 + 2*p - 4. Let a be r(-5). Let j = a - -372. Suppose -d - 4*i = 3*d - j, 4 = 2*i. What is the highest common divisor of 75 and d?
25
Suppose -33*i + 1298 = -1012. What is the highest common factor of i and 330?
10
Let f(c) = 39*c + 3. Let h be f(-2). Let q be (h - -3)*(-4)/3. Suppose -24 = -3*g + 12. Calculate the highest common factor of g and q.
12
Suppose -5*g + y = -2*y + 117, -3*y + 12 = 0. Let o be (g/(-9))/((-4)/(-120)). Calculate the greatest common divisor of 14 and o.
14
Suppose -20 = -f - 5*h, 5*f + 4*h = 6*f - 38. What is the greatest common divisor of 75 and f?
15
Suppose -b = -5*n - 629, 18*n = -4*b + 21*n + 2448. Calculate the highest common factor of 21 and b.
21
Let q be (-40)/(-35) + 1/(-7